(n) = 4*n**3 + 8*n**2 - 687*n - 3*n**3 - 3*n**2 - 3 + 674*n + 7*n**2. Let l(i) = i**3 + 3*i**2 - i - 1. Let s be l(-4). Give d(s).
-3
Let d(s) = s**3 - 14*s + 3*s**3 - 3*s**3 + 34 - 2602*s**2 + 0*s**3 + 2617*s**2. Calculate d(-16).
2
Let k(z) = -19*z**3 + 8*z**2 - 47*z. Let u(m) = -7*m**3 + 3*m**2 - 17*m. Let j(s) = -4*k(s) + 11*u(s). What is j(0)?
0
Let a(b) = -10*b + 6. Let z(n) = 9*n + 7. Let v(j) = -6*j - 5. Let c(m) = 7*v(m) + 5*z(m). Let s(i) = -2*a(i) - 6*c(i). Determine s(7).
2
Let z(h) = h**2 + h - 3. Let c be ((-136)/(-8))/(((-16)/4)/(-4)). Suppose 4*v - r = c, 3*v - 2*r - 12 = 7. What is z(v)?
9
Let y(o) = 11*o**2 + 23*o + 71. Let s(w) = 6*w**2 + 11*w + 39. Let x(p) = -9*s(p) + 5*y(p). Determine x(-11).
-51
Let v(a) = a**2 - a - 1. Let o be (((-1)/4)/(7/98))/((-11)/(-22)). Calculate v(o).
55
Let z(s) = -s**2 - 18*s - 80. Let f be z(-9). Let u(x) = 61*x - f + 14*x - 79*x. Suppose -3*t - t + 4 = 0. Give u(t).
-5
Let x(h) = h - 12. Let z be x(0). Let u(f) be the second derivative of f**4/12 + 13*f**3/6 + 15*f**2/2 + 4*f + 78. Calculate u(z).
3
Let v = -6 - 2. Let t(c) = -11 - 37 + 60 - 2 - c**2 - 10*c + 2*c. Give t(v).
10
Let b(i) be the first derivative of i**4/4 + 3*i**3 - i**2 + 20*i - 556. Give b(-9).
38
Let c(y) = -y**3 + 3*y**2 - y - 2. Let m(l) = l + 3 - 10*l - 5*l**2 + 4*l**2 + 2*l. Let o be m(-7). Calculate c(o).
-5
Let c(i) = 3*i**2 + 4*i - 8. Let l be 14/10 - (-1073)/(-145). Let u(d) = -6*d**2 - 9*d + 17. Let x(n) = l*u(n) - 13*c(n). Calculate x(2).
-6
Let w(o) = -o**2 - 7*o - 6. Suppose -4*j + 3*n = -274, 2*j - 67 = n + 71. Suppose -6*z + j = -98. Let m = -32 + z. Give w(m).
6
Let b = -9 + 10. Let l be ((-16)/4)/2*b. Let g be l/(-10) - (-9)/(-45). Let m(x) = x**2 + x + 5. Determine m(g).
5
Let i(y) = y**3 + 8*y**2 - 4*y + 21. Suppose 209*u + 1465 - 723 + 1139 = 0. Determine i(u).
-24
Suppose -6*y + 2*y - 4 = 0. Let t(j) = -3 + 23250*j - 23250*j - 8*j**2. Let n(x) = -1. Let d(z) = y*t(z) + 4*n(z). Calculate d(-1).
7
Let y(l) = l + l - 103 - 12*l + 106. What is y(4)?
-37
Let x(g) = -4*g**2. Let p(c) = -5*c**2 - 15*c - 21. Let a(u) = p(u) - x(u). What is a(-13)?
5
Let r = 8 - 13. Let z(k) = 4*k - 6. Let b(m) = m - 1. Let w(f) = r*b(f) + z(f). Give w(8).
-9
Let z(m) = -m**3 - 3*m**2 - 19*m - 9. Let b(v) = -v**3 - 2*v**2 - 23*v - 8. Let t(n) = -5*b(n) + 6*z(n). Calculate t(-8).
-22
Let d(a) = 0*a + 5*a + 2 + 8 - 5. Let k(z) = 32*z + 1116. Let n be k(-35). Give d(n).
-15
Let n(t) = 8*t + 126. Let j(o) = -258*o + 1791. Let p be j(7). What is n(p)?
6
Let u = 10 - 9. Let n = u - -3. Let l(t) = -495*t**2 - 487*t**2 - 3*t + 983*t**2 - 2*t + 2 + 0*t. Calculate l(n).
-2
Let p(z) = 11822 - 2*z - 23592 + 11800. Calculate p(14).
2
Let u be ((-2)/8 + (-172)/344)*8*1. Let h(r) = 10*r + 34. Give h(u).
-26
Let h(m) = 2*m**2 + 12*m - 20. Let c(i) = 3*i**2 + 21*i - 36. Let y(u) = 3*c(u) - 5*h(u). What is y(6)?
-26
Let m(h) = h**2 - h - 1. Let l be 24*((-30)/9)/(-5). Suppose 20 = 4*f - l. Suppose -f*i = -11 - 16. Calculate m(i).
5
Let p(i) be the first derivative of -i**6/360 - i**5/15 + 5*i**4/12 + 24*i**3 - 9. Let m(b) be the third derivative of p(b). Determine m(-7).
17
Let w(o) = 3*o**3 + 1 - 3*o - 22*o**3 + 4*o**2 - 2*o**2 + 5*o. Let n be (84/(-8))/((-9)/(-12)). Let k be (27/12)/3 - n/(-8). Give w(k).
20
Let b(x) = -x - 6. Let d be b(-5). Let m(r) be the second derivative of 1/6*r**3 - 149*r + 0 + 1/2*r**2 + 0*r**4 + 2/5*r**5. What is m(d)?
-8
Let f(t) = t - 19. Let z be -7*(-4)/14 - -1. Suppose 4*k - 5*v = 36, -k = z*v - 29 + 3. Give f(k).
-5
Let m(b) be the second derivative of 2*b**3 + 9*b**2 - 6*b. Let j be m(-4). Let l = j + 24. Let y(p) = -p**2 - 8*p + 3. Give y(l).
15
Suppose 3*i + 22*i = 16800. Let p(c) = 0*c - 673 - 4*c + i. Let q be (-3)/(6/4) - -1. Give p(q).
3
Let k(t) = -t**2 - 17*t - 35. Let a(n) = 4*n**2 + 84*n + 190. Let g(z) = 2*a(z) + 11*k(z). What is g(-6)?
1
Let t(w) be the third derivative of 0*w - 1/6*w**4 + 1/2*w**3 + 1/120*w**6 - 73*w**2 + 0*w**5 + 0. Calculate t(2).
3
Suppose f - 3*l + 6 = -2*f, 0 = -3*f - 2*l - 6. Let v(p) be the second derivative of p**4/12 + p**3/6 + p**2 - p. Give v(f).
4
Let q(v) be the first derivative of -v**4/4 + 16*v**3/3 - 7*v**2 - 16*v - 15. Let t(m) = m**2 + 39*m - 25. Let r be t(-40). What is q(r)?
-1
Let p(z) = z - 4. Let n be 61/(-61) - (-3)/(6/(-8)). Let v(s) = s**3 + 3*s**2 - 10*s + 5. Let q be v(n). What is p(q)?
1
Let d(l) = -1092*l - 2223. Let j be d(-2). Let v(f) = f**2 + 22*f - 662. What is v(j)?
1
Let f be (-24)/(-28)*1*-7. Let y(b) = -9*b + 60. Let l(c) = -4*c + 24. Let s(u) = 5*l(u) - 2*y(u). Determine s(f).
12
Let l(k) = -6 + 11 - 63*k - 4*k**2 + 59*k + 0. Determine l(-4).
-43
Let c = 0 + 4. Let n(i) = 2144*i**2 - 7*i - i**3 + 4 + 2140*i**2 - 4278*i**2. What is n(c)?
8
Let v(s) = -186*s + 94*s + 90*s + 22. Let l be 4/(-22) + (-134)/(-11). Let u be v(l). Let n(r) = 2*r**2 - r. Determine n(u).
10
Let t(w) = w + 4. Let g be 24/(-9)*(-1 + 5/(-10)). Suppose -3*p + 27 = -g*v, -p - 23 = -4*v + 8*v. Determine t(v).
-2
Let m be (-32)/256 - (-24 - 70)*2/(-32). Let y(b) = -7*b - 12 + 2*b - 11. What is y(m)?
7
Let i(k) = k - 6. Let h(l) = 6*l + 59. Let y be h(-9). Let u be (-1)/(((-2)/y)/((-6)/(-5))). Determine i(u).
-3
Let t be 112/(-6) + 2428/(-1821). Let q(x) = -x**3 - 21*x**2 - 18*x + 25. What is q(t)?
-15
Suppose 6*g - 19*g - 22*g = -175. Let p(k) = -36*k + 187. Calculate p(g).
7
Let h(y) = -3 - y**2 - 3 + 7*y - 1. Let c(j) = j + 24. Let f be c(-6). Suppose 10*g = 42 + f. Calculate h(g).
-1
Suppose -4 - 8 = -4*m, 4*a - 48 = 4*m. Suppose -31*s + 109 = -a. Let d(c) = -c**3 + 3*c**2 - 5*c + 3. Determine d(s).
-33
Let o = -139 + 160. Suppose o*a = 34*a - 91. Let h(b) = b**2 - 4*b. What is h(a)?
21
Let a(c) = -10*c - 17. Let b = 2131 + -2134. Determine a(b).
13
Let y(o) = -o**3 - 2*o**2 + 10*o + 4. Suppose 16 = 39*n - 43*n. Calculate y(n).
-4
Let a(f) = 21*f + 23*f + 19*f + 13*f**2 + 1 - 89*f + 24*f. What is a(1)?
12
Let j(q) = 538*q + 0 + 2 - 1 + 4 - 540*q. Let w be (7 - 1) + (5 - 7). Suppose -w*i + 6 - 30 = 0. Determine j(i).
17
Suppose 5*j + 8 + 8 = 3*o, 2*o = -5*j - 6. Let b(m) = 16 + 140*m**2 - 9 + 23 - 2*m**3 - 141*m**o + m**3. What is b(0)?
30
Let o(h) = 25 + 3*h - 42 + 37 + 2*h + 3*h. Determine o(-2).
4
Let l(w) be the second derivative of w**4/6 + 73*w**3/6 + 109*w**2/2 - 7928*w. Determine l(-35).
4
Let b(x) = x**2 + 6*x - 2. Let f(o) = 4*o**3 - 15*o**2 + 33*o + 12. Let r(u) = u**3 - u**2 + u. Let t(z) = f(z) - 3*r(z). Let v be t(8). What is b(v)?
-10
Let x(c) = -c**2 + 25*c - 72. Let y be x(22). Let b(w) = -4*w**2 + 12*w + 6. Let f(a) = -a**2 + a + 1. Let k(q) = -b(q) + 5*f(q). Determine k(y).
5
Let i(t) = t**2 + 4*t. Let l(d) be the third derivative of 0 + 0*d + 1/30*d**5 + 3/2*d**3 + 3*d**2 + 11/24*d**4. Let x be l(-4). What is i(x)?
-3
Let v(r) = r**3 - 28*r**2 + 79*r - 99. Let g be v(25). Let n(y) be the third derivative of y**6/24 + y**5/60 - y**4/24 + y**3/6 - y**2. Give n(g).
6
Let n(u) be the first derivative of -159*u**2/2 + 789*u + 6416. What is n(5)?
-6
Let y = -9794 + 9797. Let r(b) = 2*b**3 + b**2 + 3*b - 2. Give r(y).
70
Let x = 536 - 532. Suppose -4*z + 58 = 3*b + 9, 2*z + x*b - 32 = 0. Let a(s) = 4*s - 15. Calculate a(z).
25
Let q be 1/(((-4)/(-8))/((-63)/(-18))). Let s(c) = c**2 - 5*c - 4. Determine s(q).
10
Let f(q) be the second derivative of q**3/2 + 39*q**2/2 + 24*q + 4. Give f(-14).
-3
Let b = 809 + -807. Suppose 4*y - 6 = -0*l - 2*l, -l - 1 = 0. Let w(x) = x**2 - 47*x + x**3 - 2*x**y + 46*x + x**3. What is w(b)?
10
Let h(u) = -u + 17. Let r be h(11). Suppose -r*a - 4 = -16. Let q be (-4)/a + 16/4. Let f(v) = -v**3 + v**2 + v - 1. What is f(q)?
-3
Let m be ((-102)/(-12) + -6)/(4/(-8)). Let i(d) = -8*d - 40. Let f be i(m). Let a(r) = r**2 + 25. What is a(f)?
25
Let h(q) = 5 + 81*q - 35*q - 40*q + 190*q**2 - 191*q**2. Give h(4).
13
Let c(p) = -11*p - 4. Let d(s) = -s - 1. Let b(j) = c(j) - 6*d(j). Suppose 4*l = 3*u - 103, 3*u = 7*u + 4*l - 100. Suppose 0 = 10*x + 69 - u. Give b(x).
22
Let g(r) = -3*r**2 - 16*r - 3. Let l be g(-5). Let i(n) = -17*n**3 - 5 + 33*n**3 + 3 - 2 - 4*n - 17*n**3 - 5*n**l. Calculate i(-5).
16
Let p(g) = 2*g - 40. Let x(i) = 2*i - 34. Suppose -23 + 41 = 4*s - 5*y, -5*s + 29 = -3*y. Let w(c) = s*x(c) - 6*p(c). Determine w(-7).
-1